{"id":2127,"date":"2024-10-30T13:36:47","date_gmt":"2024-10-30T12:36:47","guid":{"rendered":"https:\/\/lkdhs.online\/?page_id=2127"},"modified":"2024-10-30T14:51:16","modified_gmt":"2024-10-30T13:51:16","slug":"journee-de-don-de-sang","status":"publish","type":"page","link":"https:\/\/sgsr.sn\/?page_id=2127","title":{"rendered":"Journ\u00e9e de don de sang"},"content":{"rendered":"\t\t<div data-elementor-type=\"wp-page\" data-elementor-id=\"2127\" class=\"elementor elementor-2127\">\n\t\t\t\t<div class=\"elementor-element elementor-element-4a9128b e-con-full e-flex e-con e-parent\" data-id=\"4a9128b\" data-element_type=\"container\">\n\t\t\t\t<div class=\"elementor-element elementor-element-311626d elementor-widget elementor-widget-image\" data-id=\"311626d\" data-element_type=\"widget\" data-widget_type=\"image.default\">\n\t\t\t\t<div class=\"elementor-widget-container\">\n\t\t\t\t\t\t\t\t\t\t\t\t\t\t\t<img decoding=\"async\" src=\"https:\/\/sgsr.sn\/wp-content\/uploads\/elementor\/thumbs\/X-4-qwbla648khxbhviaz3vc4nuj1qvq0m4l3bvj5r8hug.png\" title=\"X-4\" alt=\"X-4\" loading=\"lazy\" \/>\t\t\t\t\t\t\t\t\t\t\t\t\t\t\t<\/div>\n\t\t\t\t<\/div>\n\t\t\t\t<\/div>\n\t\t<div class=\"elementor-element elementor-element-e6121f8 e-flex e-con-boxed e-con e-parent\" data-id=\"e6121f8\" data-element_type=\"container\" data-settings=\"{&quot;background_background&quot;:&quot;classic&quot;,&quot;shape_divider_top&quot;:&quot;opacity-tilt&quot;}\">\n\t\t\t\t\t<div class=\"e-con-inner\">\n\t\t\t\t<div class=\"elementor-shape elementor-shape-top\" data-negative=\"false\">\n\t\t\t<svg xmlns=\"http:\/\/www.w3.org\/2000\/svg\" viewBox=\"0 0 2600 131.1\" preserveAspectRatio=\"none\">\n\t<path class=\"elementor-shape-fill\" d=\"M0 0L2600 0 2600 69.1 0 0z\"\/>\n\t<path class=\"elementor-shape-fill\" style=\"opacity:0.5\" d=\"M0 0L2600 0 2600 69.1 0 69.1z\"\/>\n\t<path class=\"elementor-shape-fill\" style=\"opacity:0.25\" d=\"M2600 0L0 0 0 130.1 2600 69.1z\"\/>\n<\/svg>\t\t<\/div>\n\t\t\t\t<div class=\"elementor-element elementor-element-a32cada elementor-widget elementor-widget-heading\" data-id=\"a32cada\" data-element_type=\"widget\" data-widget_type=\"heading.default\">\n\t\t\t\t<div class=\"elementor-widget-container\">\n\t\t\t\t\t<h1 class=\"elementor-heading-title elementor-size-xl\">L\u2019importance du don de sang au S\u00e9n\u00e9gal : Une Journ\u00e9e de Solidarit\u00e9 avec Sunugaalsunureew et le Corpus M\u00e9dical<\/h1>\t\t\t\t<\/div>\n\t\t\t\t<\/div>\n\t\t\t\t<div class=\"elementor-element elementor-element-7477dd4 elementor-widget-divider--view-line elementor-widget elementor-widget-divider\" data-id=\"7477dd4\" data-element_type=\"widget\" data-widget_type=\"divider.default\">\n\t\t\t\t<div class=\"elementor-widget-container\">\n\t\t\t\t\t\t\t<div class=\"elementor-divider\">\n\t\t\t<span class=\"elementor-divider-separator\">\n\t\t\t\t\t\t<\/span>\n\t\t<\/div>\n\t\t\t\t\t\t<\/div>\n\t\t\t\t<\/div>\n\t\t\t\t\t<\/div>\n\t\t\t\t<\/div>\n\t\t<div class=\"elementor-element elementor-element-839fc85 e-flex e-con-boxed e-con e-parent\" data-id=\"839fc85\" data-element_type=\"container\" data-settings=\"{&quot;background_background&quot;:&quot;classic&quot;}\">\n\t\t\t\t\t<div class=\"e-con-inner\">\n\t\t\t\t<div class=\"elementor-element elementor-element-137d85b elementor-widget elementor-widget-text-editor\" data-id=\"137d85b\" data-element_type=\"widget\" data-widget_type=\"text-editor.default\">\n\t\t\t\t<div class=\"elementor-widget-container\">\n\t\t\t\t\t\t\t\t\t<p>Le don de sang est un geste simple mais essentiel, surtout dans un pays comme le S\u00e9n\u00e9gal o\u00f9 les besoins en produits sanguins augmentent continuellement. \u00c0 l\u2019approche de la journ\u00e9e de don de sang organis\u00e9e par Sunugaalsunureew et le Corpus M\u00e9dical le 9 novembre 2024, il est primordial de rappeler l\u2019impact de ce geste solidaire et d\u2019inciter les S\u00e9n\u00e9galais \u00e0 participer activement pour sauver des vies.<\/p>\t\t\t\t\t\t\t\t<\/div>\n\t\t\t\t<\/div>\n\t\t\t\t\t<\/div>\n\t\t\t\t<\/div>\n\t\t<div class=\"elementor-element elementor-element-c0ead8f e-flex e-con-boxed e-con e-parent\" data-id=\"c0ead8f\" data-element_type=\"container\" data-settings=\"{&quot;background_background&quot;:&quot;classic&quot;}\">\n\t\t\t\t\t<div class=\"e-con-inner\">\n\t\t\t\t<div class=\"elementor-element elementor-element-d029aab elementor-widget elementor-widget-heading\" data-id=\"d029aab\" data-element_type=\"widget\" data-widget_type=\"heading.default\">\n\t\t\t\t<div class=\"elementor-widget-container\">\n\t\t\t\t\t<h2 class=\"elementor-heading-title elementor-size-default\">Pourquoi le Don de Sang est-il Crucial au S\u00e9n\u00e9gal ?<\/h2>\t\t\t\t<\/div>\n\t\t\t\t<\/div>\n\t\t\t\t\t<\/div>\n\t\t\t\t<\/div>\n\t\t<div class=\"elementor-element elementor-element-b56ff85 e-flex e-con-boxed e-con e-parent\" data-id=\"b56ff85\" data-element_type=\"container\" data-settings=\"{&quot;background_background&quot;:&quot;classic&quot;}\">\n\t\t\t\t\t<div class=\"e-con-inner\">\n\t\t\t\t<div class=\"elementor-element elementor-element-c9fa508 elementor-widget elementor-widget-text-editor\" data-id=\"c9fa508\" data-element_type=\"widget\" data-widget_type=\"text-editor.default\">\n\t\t\t\t<div class=\"elementor-widget-container\">\n\t\t\t\t\t\t\t\t\t<p>Le don de sang au S\u00e9n\u00e9gal est d\u2019une importance vitale pour plusieurs raisons :<\/p><ol><li><p><strong>Des besoins importants et constants<\/strong> : Selon les estimations de l\u2019Organisation mondiale de la sant\u00e9 (OMS), un pays doit disposer d\u2019au moins un donneur de sang pour 100 habitants afin de r\u00e9pondre aux besoins en produits sanguins. Au S\u00e9n\u00e9gal, avec une population d\u2019environ 17 millions d\u2019habitants, cela se traduirait par un besoin d\u2019au moins 170 000 donneurs r\u00e9guliers. Cependant, le nombre de dons est encore bien inf\u00e9rieur \u00e0 ce chiffre id\u00e9al, ce qui entra\u00eene des p\u00e9nuries fr\u00e9quentes de sang dans les h\u00f4pitaux.<\/p><\/li><li><p><strong>Des situations d\u2019urgence fr\u00e9quentes<\/strong> : Chaque jour, des vies sont en jeu dans les h\u00f4pitaux s\u00e9n\u00e9galais. Entre les interventions chirurgicales, les accouchements difficiles, les accidents de la route et le traitement de maladies graves comme la dr\u00e9panocytose et le paludisme, la demande en sang est constante et \u00e9lev\u00e9e. Ces maladies end\u00e9miques et les nombreux cas d&#8217;an\u00e9mies s\u00e9v\u00e8res n\u00e9cessitent souvent des transfusions sanguines urgentes, et chaque don compte pour sauver des vies.<\/p><\/li><li><p><strong>Un impact direct sur la survie des patients<\/strong> : Les besoins de transfusion concernent aussi bien les adultes que les enfants. En moyenne, une transfusion peut sauver trois vies. En donnant son sang, un donneur permet de fournir des globules rouges, des plaquettes et du plasma qui sont r\u00e9partis pour r\u00e9pondre aux besoins sp\u00e9cifiques de plusieurs patients.<\/p><\/li><\/ol>\t\t\t\t\t\t\t\t<\/div>\n\t\t\t\t<\/div>\n\t\t\t\t\t<\/div>\n\t\t\t\t<\/div>\n\t\t<div class=\"elementor-element elementor-element-054de5d e-flex e-con-boxed e-con e-parent\" data-id=\"054de5d\" data-element_type=\"container\" data-settings=\"{&quot;background_background&quot;:&quot;classic&quot;}\">\n\t\t\t\t\t<div class=\"e-con-inner\">\n\t\t\t\t<div class=\"elementor-element elementor-element-4c679f6 elementor-widget elementor-widget-heading\" data-id=\"4c679f6\" data-element_type=\"widget\" data-widget_type=\"heading.default\">\n\t\t\t\t<div class=\"elementor-widget-container\">\n\t\t\t\t\t<h2 class=\"elementor-heading-title elementor-size-default\">Les Chiffres Cl\u00e9s \u00e0 Conna\u00eetre<\/h2>\t\t\t\t<\/div>\n\t\t\t\t<\/div>\n\t\t\t\t\t<\/div>\n\t\t\t\t<\/div>\n\t\t<div class=\"elementor-element elementor-element-ba2e3c5 e-flex e-con-boxed e-con e-parent\" data-id=\"ba2e3c5\" data-element_type=\"container\" data-settings=\"{&quot;background_background&quot;:&quot;classic&quot;}\">\n\t\t\t\t\t<div class=\"e-con-inner\">\n\t\t\t\t<div class=\"elementor-element elementor-element-dae9059 elementor-widget elementor-widget-text-editor\" data-id=\"dae9059\" data-element_type=\"widget\" data-widget_type=\"text-editor.default\">\n\t\t\t\t<div class=\"elementor-widget-container\">\n\t\t\t\t\t\t\t\t\t<ul><li><strong>Moins de 1%<\/strong> de la population s\u00e9n\u00e9galaise donne r\u00e9guli\u00e8rement son sang, un taux encore en de\u00e7\u00e0 des recommandations de l\u2019OMS.<\/li><li><strong>80% des dons<\/strong> actuels sont des dons de remplacement, o\u00f9 les familles des patients cherchent des donneurs en cas d&#8217;urgence, ce qui entra\u00eene des difficult\u00e9s et des retards.<\/li><li>Selon le Centre national de transfusion sanguine du S\u00e9n\u00e9gal (CNTS), le <strong>d\u00e9ficit en produits sanguins<\/strong> dans les h\u00f4pitaux s\u00e9n\u00e9galais varie chaque ann\u00e9e entre 30 et 40%.<\/li><\/ul>\t\t\t\t\t\t\t\t<\/div>\n\t\t\t\t<\/div>\n\t\t\t\t\t<\/div>\n\t\t\t\t<\/div>\n\t\t<div class=\"elementor-element elementor-element-a36cb9c e-flex e-con-boxed e-con e-parent\" data-id=\"a36cb9c\" data-element_type=\"container\" data-settings=\"{&quot;background_background&quot;:&quot;classic&quot;}\">\n\t\t\t\t\t<div class=\"e-con-inner\">\n\t\t\t\t<div class=\"elementor-element elementor-element-e86cfca elementor-widget elementor-widget-heading\" data-id=\"e86cfca\" data-element_type=\"widget\" data-widget_type=\"heading.default\">\n\t\t\t\t<div class=\"elementor-widget-container\">\n\t\t\t\t\t<h2 class=\"elementor-heading-title elementor-size-default\">Pourquoi Donner Votre Sang le 9 Novembre 2024 ?<\/h2>\t\t\t\t<\/div>\n\t\t\t\t<\/div>\n\t\t\t\t\t<\/div>\n\t\t\t\t<\/div>\n\t\t<div class=\"elementor-element elementor-element-198179e e-flex e-con-boxed e-con e-parent\" data-id=\"198179e\" data-element_type=\"container\" data-settings=\"{&quot;background_background&quot;:&quot;classic&quot;}\">\n\t\t\t\t\t<div class=\"e-con-inner\">\n\t\t\t\t<div class=\"elementor-element elementor-element-ff32ee5 elementor-widget elementor-widget-text-editor\" data-id=\"ff32ee5\" data-element_type=\"widget\" data-widget_type=\"text-editor.default\">\n\t\t\t\t<div class=\"elementor-widget-container\">\n\t\t\t\t\t\t\t\t\t<p>La journ\u00e9e de don de sang organis\u00e9e par Sunugaalsunureew et le Corpus M\u00e9dical le 9 novembre 2024 offre l\u2019occasion id\u00e9ale pour contribuer \u00e0 cette cause vitale. Cette journ\u00e9e sera d\u00e9di\u00e9e \u00e0 la sensibilisation et \u00e0 la collecte de sang pour r\u00e9pondre aux besoins urgents des h\u00f4pitaux du S\u00e9n\u00e9gal.<\/p><ol><li><strong>Soutenir un besoin national<\/strong> : En participant, vous aidez \u00e0 r\u00e9duire la p\u00e9nurie de sang dans les h\u00f4pitaux du pays, ce qui peut faire une grande diff\u00e9rence pour des milliers de patients.<\/li><li><strong>Un acte de solidarit\u00e9<\/strong> : Le don de sang est un acte de g\u00e9n\u00e9rosit\u00e9 et de solidarit\u00e9 qui unit les S\u00e9n\u00e9galais pour sauver des vies. En donnant de votre sang, vous devenez un acteur essentiel du syst\u00e8me de sant\u00e9.<\/li><li><strong>Un suivi de sant\u00e9 r\u00e9gulier<\/strong> : En plus d\u2019aider autrui, chaque donneur b\u00e9n\u00e9ficie d\u2019un mini-check-up lors du don de sang, ce qui contribue \u00e0 sa propre sant\u00e9 et \u00e0 un suivi m\u00e9dical.<\/li><\/ol>\t\t\t\t\t\t\t\t<\/div>\n\t\t\t\t<\/div>\n\t\t\t\t\t<\/div>\n\t\t\t\t<\/div>\n\t\t<div class=\"elementor-element elementor-element-935f527 e-flex e-con-boxed e-con e-parent\" data-id=\"935f527\" data-element_type=\"container\" data-settings=\"{&quot;background_background&quot;:&quot;classic&quot;}\">\n\t\t\t\t\t<div class=\"e-con-inner\">\n\t\t\t\t<div class=\"elementor-element elementor-element-0ee0bf0 elementor-widget elementor-widget-heading\" data-id=\"0ee0bf0\" data-element_type=\"widget\" data-widget_type=\"heading.default\">\n\t\t\t\t<div class=\"elementor-widget-container\">\n\t\t\t\t\t<h2 class=\"elementor-heading-title elementor-size-default\">Comment Participer \u00e0 la Journ\u00e9e de Don de Sang ?<\/h2>\t\t\t\t<\/div>\n\t\t\t\t<\/div>\n\t\t\t\t\t<\/div>\n\t\t\t\t<\/div>\n\t\t<div class=\"elementor-element elementor-element-b0bd9b2 e-flex e-con-boxed e-con e-parent\" data-id=\"b0bd9b2\" data-element_type=\"container\" data-settings=\"{&quot;background_background&quot;:&quot;classic&quot;}\">\n\t\t\t\t\t<div class=\"e-con-inner\">\n\t\t\t\t<div class=\"elementor-element elementor-element-34d7acf elementor-widget elementor-widget-text-editor\" data-id=\"34d7acf\" data-element_type=\"widget\" data-widget_type=\"text-editor.default\">\n\t\t\t\t<div class=\"elementor-widget-container\">\n\t\t\t\t\t\t\t\t\t<p>Le 9 novembre 2024, venez nombreux \u00e0 la CNTS \u00e0 partir de 9h jusqu&#8217;\u00e0 13h participer \u00e0 cette journ\u00e9e sp\u00e9ciale organis\u00e9e par Sunugaalsunureew et le Corpus M\u00e9dical. Que vous soyez un donneur r\u00e9gulier ou un nouveau participant, votre contribution est essentielle. N\u2019oubliez pas qu\u2019en donnant votre sang, vous offrez le plus beau des cadeaux : la vie.<br \/>Vous n&#8217;avez qu&#8217;une choses \u00e0 faire, remplir le formulaire en cliquant sur le bouton en dessous de cette page.<\/p>\t\t\t\t\t\t\t\t<\/div>\n\t\t\t\t<\/div>\n\t\t\t\t\t<\/div>\n\t\t\t\t<\/div>\n\t\t<div class=\"elementor-element elementor-element-4804587 e-flex e-con-boxed e-con e-parent\" data-id=\"4804587\" data-element_type=\"container\" data-settings=\"{&quot;background_background&quot;:&quot;classic&quot;}\">\n\t\t\t\t\t<div class=\"e-con-inner\">\n\t\t\t\t<div class=\"elementor-element elementor-element-4a32479 elementor-widget elementor-widget-heading\" data-id=\"4a32479\" data-element_type=\"widget\" data-widget_type=\"heading.default\">\n\t\t\t\t<div class=\"elementor-widget-container\">\n\t\t\t\t\t<h1 class=\"elementor-heading-title elementor-size-xxl\">R\u00e9server ma place pour le 9 novembre \u00e0 partir de 9h <\/h1>\t\t\t\t<\/div>\n\t\t\t\t<\/div>\n\t\t\t\t\t<\/div>\n\t\t\t\t<\/div>\n\t\t<div class=\"elementor-element elementor-element-07efdac e-flex e-con-boxed e-con e-parent\" data-id=\"07efdac\" data-element_type=\"container\" data-settings=\"{&quot;background_background&quot;:&quot;classic&quot;}\">\n\t\t\t\t\t<div class=\"e-con-inner\">\n\t\t\t\t<div class=\"elementor-element elementor-element-ae85a04 elementor-align-center elementor-widget elementor-widget-button\" data-id=\"ae85a04\" data-element_type=\"widget\" data-widget_type=\"button.default\">\n\t\t\t\t<div class=\"elementor-widget-container\">\n\t\t\t\t\t\t\t\t\t<div class=\"elementor-button-wrapper\">\n\t\t\t\t\t<a class=\"elementor-button elementor-button-link elementor-size-xl\" href=\"https:\/\/docs.google.com\/forms\/d\/e\/1FAIpQLSdjiPX38kAwiz7GGFgyG4zbrVAPfxhPkQYMWGun6JsONzTuAA\/viewform\">\n\t\t\t\t\t\t<span class=\"elementor-button-content-wrapper\">\n\t\t\t\t\t\t\t\t\t<span class=\"elementor-button-text\">RESERVER<\/span>\n\t\t\t\t\t<\/span>\n\t\t\t\t\t<\/a>\n\t\t\t\t<\/div>\n\t\t\t\t\t\t\t\t<\/div>\n\t\t\t\t<\/div>\n\t\t\t\t\t<\/div>\n\t\t\t\t<\/div>\n\t\t\t\t<\/div>\n\t\t","protected":false},"excerpt":{"rendered":"<p>L\u2019importance du don de sang au S\u00e9n\u00e9gal : Une Journ\u00e9e de Solidarit\u00e9 avec Sunugaalsunureew et le Corpus M\u00e9dical Le don de sang est un geste simple mais essentiel, surtout dans un pays comme le S\u00e9n\u00e9gal o\u00f9 les besoins en produits sanguins augmentent continuellement. \u00c0 l\u2019approche de la journ\u00e9e de don de sang organis\u00e9e par Sunugaalsunureew [&hellip;]<\/p>\n","protected":false},"author":1,"featured_media":0,"parent":0,"menu_order":0,"comment_status":"closed","ping_status":"closed","template":"","meta":{"site-sidebar-layout":"no-sidebar","site-content-layout":"page-builder","ast-site-content-layout":"full-width-container","site-content-style":"default","site-sidebar-style":"default","ast-global-header-display":"","ast-banner-title-visibility":"","ast-main-header-display":"","ast-hfb-above-header-display":"","ast-hfb-below-header-display":"","ast-hfb-mobile-header-display":"","site-post-title":"disabled","ast-breadcrumbs-content":"","ast-featured-img":"disabled","footer-sml-layout":"","ast-disable-related-posts":"","theme-transparent-header-meta":"","adv-header-id-meta":"","stick-header-meta":"","header-above-stick-meta":"","header-main-stick-meta":"","header-below-stick-meta":"","astra-migrate-meta-layouts":"set","ast-page-background-enabled":"default","ast-page-background-meta":{"desktop":{"background-color":"var(--ast-global-color-5)","background-image":"","background-repeat":"repeat","background-position":"center center","background-size":"auto","background-attachment":"scroll","background-type":"","background-media":"","overlay-type":"","overlay-color":"","overlay-opacity":"","overlay-gradient":""},"tablet":{"background-color":"","background-image":"","background-repeat":"repeat","background-position":"center center","background-size":"auto","background-attachment":"scroll","background-type":"","background-media":"","overlay-type":"","overlay-color":"","overlay-opacity":"","overlay-gradient":""},"mobile":{"background-color":"","background-image":"","background-repeat":"repeat","background-position":"center center","background-size":"auto","background-attachment":"scroll","background-type":"","background-media":"","overlay-type":"","overlay-color":"","overlay-opacity":"","overlay-gradient":""}},"ast-content-background-meta":{"desktop":{"background-color":"var(--ast-global-color-4)","background-image":"","background-repeat":"repeat","background-position":"center center","background-size":"auto","background-attachment":"scroll","background-type":"","background-media":"","overlay-type":"","overlay-color":"","overlay-opacity":"","overlay-gradient":""},"tablet":{"background-color":"var(--ast-global-color-4)","background-image":"","background-repeat":"repeat","background-position":"center center","background-size":"auto","background-attachment":"scroll","background-type":"","background-media":"","overlay-type":"","overlay-color":"","overlay-opacity":"","overlay-gradient":""},"mobile":{"background-color":"var(--ast-global-color-4)","background-image":"","background-repeat":"repeat","background-position":"center center","background-size":"auto","background-attachment":"scroll","background-type":"","background-media":"","overlay-type":"","overlay-color":"","overlay-opacity":"","overlay-gradient":""}},"footnotes":""},"_links":{"self":[{"href":"https:\/\/sgsr.sn\/index.php?rest_route=\/wp\/v2\/pages\/2127"}],"collection":[{"href":"https:\/\/sgsr.sn\/index.php?rest_route=\/wp\/v2\/pages"}],"about":[{"href":"https:\/\/sgsr.sn\/index.php?rest_route=\/wp\/v2\/types\/page"}],"author":[{"embeddable":true,"href":"https:\/\/sgsr.sn\/index.php?rest_route=\/wp\/v2\/users\/1"}],"replies":[{"embeddable":true,"href":"https:\/\/sgsr.sn\/index.php?rest_route=%2Fwp%2Fv2%2Fcomments&post=2127"}],"version-history":[{"count":10,"href":"https:\/\/sgsr.sn\/index.php?rest_route=\/wp\/v2\/pages\/2127\/revisions"}],"predecessor-version":[{"id":2148,"href":"https:\/\/sgsr.sn\/index.php?rest_route=\/wp\/v2\/pages\/2127\/revisions\/2148"}],"wp:attachment":[{"href":"https:\/\/sgsr.sn\/index.php?rest_route=%2Fwp%2Fv2%2Fmedia&parent=2127"}],"curies":[{"name":"wp","href":"https:\/\/api.w.org\/{rel}","templated":true}]}}